s of 30783812.
2, 223, 34511
What are the prime factors of 9613390?
2, 5, 961339
List the prime factors of 12220357.
773, 15809
List the prime factors of 1890806.
2, 197, 4799
List the prime factors of 884332.
2, 221083
List the prime factors of 276671.
276671
List the prime factors of 9285863.
2683, 3461
List the prime factors of 1056743.
941, 1123
What are the prime factors of 66926?
2, 109, 307
List the prime factors of 478171.
478171
What are the prime factors of 1909915?
5, 7, 197, 277
List the prime factors of 9645479.
9645479
What are the prime factors of 24824668?
2, 11, 564197
List the prime factors of 21860541.
3, 101, 24049
List the prime factors of 115005.
3, 5, 11, 17, 41
List the prime factors of 4131370.
2, 5, 31, 13327
What are the prime factors of 1501875?
3, 5, 89
What are the prime factors of 1938482?
2, 7, 13, 10651
What are the prime factors of 116859?
3, 38953
List the prime factors of 768078.
2, 3, 71, 601
List the prime factors of 1169485.
5, 67, 3491
What are the prime factors of 1605309?
3, 535103
List the prime factors of 4285801.
13, 329677
List the prime factors of 1435149.
3, 181, 881
List the prime factors of 7063.
7, 1009
What are the prime factors of 496686?
2, 3, 82781
List the prime factors of 445071.
3, 11, 13487
What are the prime factors of 1119232?
2, 1093
What are the prime factors of 53450?
2, 5, 1069
What are the prime factors of 3516869?
47, 74827
List the prime factors of 2618440.
2, 5, 11, 541
What are the prime factors of 402490?
2, 5, 11, 3659
List the prime factors of 4823470.
2, 5, 482347
What are the prime factors of 24299053?
24299053
What are the prime factors of 11766992?
2, 17, 43261
What are the prime factors of 122887?
122887
List the prime factors of 14533573.
67, 216919
List the prime factors of 211888.
2, 17, 19, 41
What are the prime factors of 298578?
2, 3, 7, 7109
List the prime factors of 22062561.
3, 487, 15101
List the prime factors of 22058239.
7, 1307, 2411
What are the prime factors of 1089671?
11, 23, 59, 73
List the prime factors of 28148762.
2, 14074381
List the prime factors of 6945.
3, 5, 463
What are the prime factors of 247243?
433, 571
What are the prime factors of 247666?
2, 123833
What are the prime factors of 2333562?
2, 3, 7, 11, 5051
List the prime factors of 180851.
11, 41, 401
What are the prime factors of 337790?
2, 5, 17, 1987
List the prime factors of 309208.
2, 38651
List the prime factors of 1217026.
2, 19, 32027
What are the prime factors of 612002?
2, 31, 9871
List the prime factors of 309416.
2, 38677
What are the prime factors of 1092041?
1092041
List the prime factors of 210852.
2, 3, 5857
List the prime factors of 243170.
2, 5, 24317
List the prime factors of 1775042.
2, 157, 5653
What are the prime factors of 478322?
2, 13, 18397
What are the prime factors of 275634?
2, 3, 15313
List the prime factors of 3922734.
2, 3, 653789
List the prime factors of 10162312.
2, 733, 1733
What are the prime factors of 114962?
2, 47, 1223
List the prime factors of 1621168.
2, 101323
What are the prime factors of 102379?
37, 2767
What are the prime factors of 4339448?
2, 19, 28549
What are the prime factors of 4087200?
2, 3, 5, 13, 131
What are the prime factors of 381804?
2, 3, 31817
List the prime factors of 6662992.
2, 7, 41, 1451
List the prime factors of 21904715.
5, 7, 29, 3083
What are the prime factors of 1842228?
2, 3, 73, 701
List the prime factors of 18907792.
2, 563, 2099
List the prime factors of 437508.
2, 3, 4051
List the prime factors of 187087.
61, 3067
What are the prime factors of 7059706?
2, 53, 66601
What are the prime factors of 1546905?
3, 5, 281, 367
What are the prime factors of 1796304?
2, 3, 37423
List the prime factors of 269202.
2, 3, 44867
List the prime factors of 6669866.
2, 7, 476419
List the prime factors of 571218.
2, 3, 95203
List the prime factors of 280861.
7, 40123
List the prime factors of 4903279.
751, 6529
What are the prime factors of 816262?
2, 408131
List the prime factors of 2660744.
2, 37, 89, 101
What are the prime factors of 4709514?
2, 3, 784919
List the prime factors of 872791.
872791
List the prime factors of 24278959.
24278959
List the prime factors of 290130.
2, 3, 5, 19, 509
List the prime factors of 908295.
3, 5, 19, 3187
What are the prime factors of 190175?
5, 7607
List the prime factors of 946054.
2, 473027
List the prime factors of 20944666.
2, 10472333
What are the prime factors of 145469?
17, 43, 199
List the prime factors of 6378970.
2, 5, 13, 49069
List the prime factors of 4504065.
3, 5, 17, 1039
List the prime factors of 113842.
2, 56921
What are the prime factors of 20058014?
2, 103, 97369
List the prime factors of 4108332.
2, 3, 19, 37, 487
What are the prime factors of 278464?
2, 19, 229
What are the prime factors of 203310?
2, 3, 5, 251
What are the prime factors of 1101779?
7, 107, 1471
What are the prime factors of 1731276?
2, 3, 48091
What are the prime factors of 116914?
2, 7, 1193
What are the prime factors of 1150683?
3, 53, 7237
What are the prime factors of 9342868?
2, 43, 54319
What are the prime factors of 6253421?
359, 17419
List the prime factors of 2565930.
2, 3, 5, 85531
List the prime factors of 601486.
2, 300743
List the prime factors of 757840.
2, 5, 9473
What are the prime factors of 4623285?
3, 5, 308219
What are the prime factors of 56150?
2, 5, 1123
List the prime factors of 1475747.
7, 13, 16217
List the prime factors of 15547599.
3, 575837
List the prime factors of 25238.
2, 12619
List the prime factors of 4339.
4339
List the prime factors of 4628094.
2, 3, 771349
What are the prime factors of 518071?
347, 1493
List the prime factors of 394497.
3, 19, 769
What are the prime factors of 930597?
3, 17, 71, 257
What are the prime factors of 1257828?
2, 3, 11, 13, 733
List the prime factors of 1597138.
2, 798569
List the prime factors of 1406045.
5, 179, 1571
What are the prime factors of 1791159?
3, 597053
What are the prime factors of 125020?
2, 5, 7, 19, 47
What are the prime factors of 1366199?
131, 10429
List the prime factors of 72330.
2, 3, 5, 2411
List the prime factors of 4999616.
2, 191, 409
What are the prime factors of 131256?
2, 3, 1823
List the prime factors of 17252861.
1223, 14107
What are the prime factors of 897174?
2, 3, 49843
What are the prime factors of 253751?
253751
List the prime factors of 291320.
2, 5, 7283
What are the prime factors of 1809118?
2, 904559
What are the prime factors of 43529?
19, 29, 79
What are the prime factors of 353048?
2, 44131
What are the prime factors of 40879874?
2, 7, 97, 30103
List the prime factors of 90101.
11, 8191
What are the prime factors of 107610?
2, 3, 5, 17, 211
List the prime factors of 3916706.
2, 307, 6379
List the prime factors of 134902.
2, 37, 1823
List the prime factors of 93748.
2, 23, 1019
What are the prime factors of 5786027?
13, 181, 2459
What are the prime factors of 3493018?
2, 31, 53, 1063
What are the prime factors of 1826483?
1193, 1531
What are the prime factors of 969570?
2, 3, 5, 7, 19
What are the prime factors of 200331?
3, 22259
List the prime factors of 25449255.
3, 5, 13, 17, 853
List the prime factors of 210346.
2, 105173
List the prime factors of 3849318.
2, 3, 11, 19441
What are the prime factors of 368088?
2, 3, 7, 313
What are the prime factors of 12457877?
31, 401867
What are the prime factors of 657924?
2, 3, 109, 503
List the prime factors of 1260143.
1260143
What are the prime factors of 766640?
2, 5, 7, 37
List the prime factors of 915780.
2, 3, 5, 15263
List the prime factors of 730355.
5, 43, 79
What are the prime factors of 7683216?
2, 3, 59, 2713
What are the prime factors of 262503?
3, 29167
List the prime factors of 4767544.
2, 595943
List the prime factors of 7086293.
7086293
List the prime factors of 7837550.
2, 5, 7, 457
What are the prime factors of 170920?
2, 5, 4273
List the prime factors of 28787719.
173, 166403
List the prime factors of 9445762.
2, 31, 73, 2087
What are the prime factors of 44701?
44701
What are the prime factors of 4054472?
2, 506809
List the prime factors of 8125702.
2, 13, 312527
What are the prime factors of 207652?
2, 51913
What are the prime factors of 294307?
13, 22639
List the prime factors of 1879147.
307, 6121
What are the prime factors o